). Let d = q - 86. What is the units digit of d?
3
Let t be 8/(-28) - (-37)/7. Suppose 3*a + 0*s - 4*s - 270 = 0, 5*a + t*s = 485. What is the tens digit of a?
9
Suppose -9736 = -2*r - 4*q, 49*r = 46*r - 3*q + 14613. What is the tens digit of r?
7
What is the thousands digit of -10*6/(-36)*(-2 + 1043)?
1
Suppose 675 = -9*g + 4*g. Let b be 2*-1*g/(-18). What is the units digit of 56/10 - 6/b?
6
Let n be 6/(-21) + 90/21. Suppose 5*f = 4*x + 10, n*x + 5 = -3*f + 43. Suppose -7*c + f*c = -24. What is the tens digit of c?
2
Let j = -2425 + 4784. What is the tens digit of j?
5
Let w = -110 - -751. What is the units digit of w?
1
Suppose 5*b = 2*a + 10142, 1436 = 2*b + 2*a - 2618. What is the thousands digit of b?
2
Let i(r) = r**3 - 3*r**2 - 5*r + 1. Let q be i(4). Let n = q + 0. Let j(f) = f**3 + 5*f**2 + f - 1. What is the tens digit of j(n)?
1
Let f be (-5)/(15/3) + 176. Suppose -f - 77 = -6*a. What is the tens digit of a?
4
Let n(s) = -s**3 + 2*s**2 + 3*s - 4. Let u be n(3). Suppose 124 = 65*v - 61*v. What is the units digit of u/2 + v/1?
9
Let r(p) = -3*p + 14. Let v be r(5). Let n(w) be the first derivative of -7*w**2/2 + 2*w - 1. What is the units digit of n(v)?
9
Suppose 21*v + 590 = 16*v. Let u = v + 253. What is the hundreds digit of u?
1
Let n(p) = -4*p - 1. Let x be n(-1). Suppose 47 + 91 = x*k. Let m = k + -13. What is the tens digit of m?
3
Suppose 2*j = 5*j - 24. Let m be -4*(22/j + -3). Suppose 9 = r - m. What is the tens digit of r?
1
Suppose -15 = 4*a + 29. Let g be ((-12)/8)/((-1)/8). Let x = g - a. What is the tens digit of x?
2
Let c = -39 + 50. Let x(r) = r**3 - 11*r**2 + 2*r - 13. What is the units digit of x(c)?
9
Let j(o) = 2*o**3 - 4*o**2 + o - 5. Let n = 3 - -1. Let l be j(n). Suppose 3*a = l + 12. What is the units digit of a?
5
Let h be (-36)/(-2) + -5 + (12 - 6). Let l be 120/4 + 0 + -2. Let q = l - h. What is the units digit of q?
9
Suppose -b - 4*b - 15 = 0. Let c be 111/(b/(-1)) - 3. Suppose w + 0*w - c = 0. What is the units digit of w?
4
Suppose 7641 = 23*d + 304. What is the tens digit of d?
1
Let v = 247 + 71. Suppose 9*r - 11*r = -v. What is the hundreds digit of r?
1
Let s = 66 + 236. Suppose -2*h - s = -4*h. What is the tens digit of h?
5
Suppose -4*h - 4*v + 3415 + 5845 = 0, 2285 = h - 5*v. What is the thousands digit of h?
2
Let v(r) = 4*r - 24. Let f be v(7). Suppose 0 = -f*i + 1313 - 429. What is the hundreds digit of i?
2
Suppose 5*a - 2*w = -299 + 2925, -5*w = -3*a + 1568. Let b = -250 + a. What is the units digit of b?
6
Suppose -64 = 2*q - t - 174, q - 73 = -4*t. What is the units digit of q?
7
Let n(b) = b**2 - 3*b - 3. Let m be n(-4). Suppose 94 = 2*g + f, 0 = 4*g - 0*g + f - 190. Let w = g - m. What is the units digit of w?
3
Suppose -65*j = -76*j + 13277. What is the thousands digit of j?
1
Let b(o) = o**2 - 2*o + 3. Let t(j) = -7*j - 34. Let g be t(-6). What is the tens digit of b(g)?
5
Let m(w) = -166*w - 168. What is the hundreds digit of m(-11)?
6
Suppose 9*r = -4*c + 4*r + 168, -2*c + 84 = -2*r. Suppose c = -5*l + 187. What is the units digit of l?
9
Let k(v) = 92*v**2 + 18*v + 37. What is the tens digit of k(-2)?
6
Let u = -1983 + 3192. What is the tens digit of u?
0
Let m = 23 + -12. Suppose -m*j + 6*j = -240. What is the tens digit of j?
4
Let s(v) = -v**3 + 1. Let j = -16 - -11. Let z(x) = 6*x**3 - 14*x**2 - 21. Let l(o) = j*s(o) - z(o). What is the units digit of l(14)?
6
What is the thousands digit of 4*-1*(-33056)/128?
1
Let s(h) = -h**2 + 2*h + 4. Let w be s(3). Let d be ((-3)/(-2))/(6/32). What is the units digit of 6*3/(w + d)?
2
Let u(h) = -18*h + 4. What is the units digit of u(-20)?
4
Let o = -57 + 64. Suppose o*y - 750 = y. What is the hundreds digit of y?
1
What is the units digit of 2/(10/4145) + 1?
0
Let m be 5 - -2*3/(-6). Suppose -m*j = 4*j - 1912. What is the tens digit of j?
3
Let y(b) = -b**2 + 3*b + 4. Let f be y(4). Suppose f = -4*x - x. Suppose -5*h + 4*h + 4*s + 12 = x, 5*h - 2*s - 24 = 0. What is the units digit of h?
4
Suppose -4*z = -8*z + 324. Suppose -r + 79 = 4*p, 4*r = 3*r - 2*p + z. What is the units digit of r?
3
Let r(z) = 11*z + 2. Let y = 20 + -22. Let j(x) = -21*x - 3. Let v(f) = y*j(f) - 5*r(f). What is the units digit of v(-5)?
1
Let d = 19 - -56. Suppose 0 = m + 3*y - 52, -y = -4*m - d + 296. What is the units digit of m?
5
Let l(n) be the third derivative of -n**6/360 + n**5/24 + n**4/8 + 8*n**2. Let a(j) be the second derivative of l(j). What is the units digit of a(-5)?
5
Suppose -j + 7 = 2*v, 1 = -4*v + 2*j + 3. Suppose 0*k - 8 = 2*k. Let f = v - k. What is the units digit of f?
6
Suppose -3*a + m = 1 - 4, a - 17 = -5*m. Suppose a = -t + 7. Suppose f - 7 = 2*q + 11, 2*f - 36 = t*q. What is the units digit of f?
8
What is the tens digit of (1680 - 3) + (0/(-9))/5?
7
Let t(q) = -22*q**2 + 8 - 7 - 3*q**3 + q**2 + 14*q. Let o(j) = 5*j**3 + 32*j**2 - 21*j - 1. Let p(i) = 5*o(i) + 8*t(i). What is the units digit of p(7)?
3
Let f = -31 - -38. Let p(s) = 2*s**2 - 3*s - 9. What is the units digit of p(f)?
8
Suppose 4*d - 4*o - 8 = -2*o, 5*o - 4 = 2*d. Suppose 0 = -2*q + 4*s, 2*s - 5*s + d = 0. What is the units digit of q?
2
Suppose -685*h = -682*h - 5082. What is the tens digit of h?
9
Suppose -39827 = -18*s - 3449. What is the tens digit of s?
2
Suppose -2*a = t - 3*t + 62, -3*t - 5*a + 93 = 0. What is the units digit of t?
1
Let p(f) = -2*f**2 + 3*f + 4. Let k be p(-3). Let l = k + 25. Suppose -21 - 3 = -l*z. What is the units digit of z?
2
Let c(u) = 1. Let q(a) = -12*a**2 - 2. Let y(t) = -4*c(t) - q(t). Let o = -525 - -527. What is the tens digit of y(o)?
4
Suppose 2*b + 15 = a + 2*a, 0 = -4*a - 3*b + 3. Suppose -306 = -a*k + 429. What is the hundreds digit of k?
2
Suppose 19 + 35 = 9*y. Let m = y - -16. What is the units digit of m?
2
Suppose -44828 = 67*u - 144390. What is the thousands digit of u?
1
Let v(c) = -2*c**2 + 15*c + 28. Let n be v(-13). What is the tens digit of 6*(-4)/(-20)*n/(-2)?
0
Suppose -4*q = -5*q - 5*j + 471, 5*q - 2*j = 2355. What is the units digit of q?
1
Let l(i) = i**2 + 11*i + 4. Suppose -2*p - 4*r = -3*r - 1, 0 = p + 3*r - 3. Suppose -2*k - 16 - 6 = p. What is the units digit of l(k)?
4
What is the tens digit of 0/(-5) - (-1817 + -4 + -1)?
2
Suppose 2*w = 3*v - 39, -w + 4*v = 4*w + 94. Let y = 39 - 6. Let o = w + y. What is the units digit of o?
5
Suppose 10*f = -f + 583. What is the units digit of f?
3
Let o be (-4)/16*2*0. Suppose o = 8*u - 145 - 207. What is the tens digit of u?
4
Let o be -2 + (99/(-27) - (-2)/(-6)). Let p(m) = -m**3 - 4*m**2 - 10*m - 16. What is the hundreds digit of p(o)?
1
Let i = -29 - -46. Suppose i = a - 22. What is the tens digit of a?
3
Suppose -62*s + 36253 = -18307. What is the tens digit of s?
8
Suppose 0 = -2*c + 2, -5*y + 3*c + 1 = -3*y. Let j be (-2 + y - 1) + 13. Suppose 2*n + 0*n = j. What is the units digit of n?
6
Let m(u) = u**3 - 14*u**2 - 12*u - 8. Suppose 7*q - 13 = 6*q. Let v = 2 + q. What is the units digit of m(v)?
7
What is the hundreds digit of 10*1 - (-150072)/39?
8
Let g(j) = -j - 3. Let k be g(-8). Let y = -82 - -136. Suppose 2*i = 2*a + 30, 0*i - k*i = 2*a - y. What is the units digit of i?
2
Suppose -14*n = 4493 - 16533. What is the hundreds digit of n?
8
Let u(c) be the second derivative of -c**5/20 - 13*c**4/12 - c**3/6 + 19*c**2/2 - 7*c. What is the tens digit of u(-13)?
3
Suppose -5*c - 254 = 3*b, -2*b + 4*c = 3*b + 411. What is the tens digit of (-4 + 2)/(2/b)?
8
Let r be 1/((-344)/(-168) - (1 - -1)). Let c(h) = h**2 - 17*h + 10. What is the tens digit of c(r)?
9
Let k = 16 + -12. Suppose -3*y + 2*x + 14 = x, 3*y + 11 = -k*x. Suppose -140 = -5*p - 0*p + 5*z, -y*p + 54 = 3*z. What is the units digit of p?
3
Suppose -2*l = -7*l + 60. Suppose -1313 - 493 = 21*r. What is the units digit of (l/(-12))/(2/r)?
3
What is the tens digit of (16746/12)/(6/12)?
9
Let i = -166 - -326. What is the units digit of i?
0
Let q = -11 - -16. Suppose -4*v = -3*l - 18 + 2, q*l = v - 4. What is the units digit of -2 - (l - (44 + 0))?
2
Let x = -1001 - -2412. What is the tens digit of x?
1
Let q be (-9)/(9/(-12) + 0/(-3)). Let g = 15 - q. What is the units digit of g?
3
Let j be (42/(-36) + 4/6)*4. What is the units digit of (-18)/(-3) + j + (-16)/(-4)?
8
Let k(l) = -l**2 + 2. Let i be 